 composite?
False
Let a = 5443 - 2844. Is a prime?
False
Let s(x) = 3333*x**2 - 14*x - 33. Is s(-2) composite?
False
Suppose -3*f - 6 = 0, -3*f - 28343 = -3*n + f. Let j = n - 4808. Is j a composite number?
False
Suppose -m + 3*w + 68059 = 0, 10*m = 11*m - 2*w - 68061. Is m a composite number?
True
Let x(q) = q**3 + 14*q**2 + 16*q + 41. Let p be x(-13). Let f be (-5262)/(-4) + (-4)/8. Suppose -p*n = -n - f. Is n a prime number?
False
Let d = -99531 - -150286. Is d a prime number?
False
Let g = 3770 + 959. Is g composite?
False
Suppose 126 = 2*o + 4*r - 2500, 2*r = 4*o - 5292. Suppose -o*i + 1314*i + 23849 = 0. Is i a composite number?
False
Is (-89965 - (-5 + -1))/((-5)/5) a prime number?
True
Let k be (-4)/8*24/(-2 + 0). Suppose -2*v + k*v = 9588. Suppose 0 = -2*q - 2*w + 4776, -q + 2*w = -0*w - v. Is q prime?
False
Let w = 40 + -35. Let p(r) = 3*r + 3. Let v be p(w). Suppose -8*s + v*s - 9070 = 0. Is s a prime number?
True
Let c(i) = 356*i**2 - 32*i - 319. Is c(-12) a composite number?
False
Suppose 0 = -5*a + 74*c - 79*c + 447180, a + 2*c = 89435. Is a prime?
False
Let m be (-6164)/69 - (-2)/(-3). Is (-318930)/m - (-4)/(-6) a composite number?
True
Let d(m) = 2*m**2 + 5*m - 5. Let q be d(2). Let u(n) = q*n + 16*n - 75*n - 35. Is u(-9) prime?
True
Let y(a) be the second derivative of a**6/120 - a**4/24 + 967*a**3/6 - 9*a**2/2 + 9*a. Let d(m) be the first derivative of y(m). Is d(0) a prime number?
True
Suppose 205*l - 139*l - 5058834 = 0. Is l a prime number?
True
Let w(h) = -h**2 + 6*h + 40. Let m be w(10). Suppose 5*i - 34999 + 7484 = m. Is i prime?
True
Suppose 4*n = -4*s - 15756, 3*n + 7876 = n - s. Let x = -2244 - n. Is x composite?
False
Is 123880 - (-7 + 194)/11 prime?
True
Let g(l) = -2503*l**3 - 6*l**2 - 108*l - 534. Is g(-7) a prime number?
True
Suppose 3*l - 12 = -w, -3*l - 12 = -8*l + w. Is 4 - 3 - (2 - l - 4325) a prime number?
True
Let u = 1479013 + -665246. Is u a composite number?
False
Let b(q) = 116*q - 9. Let d(l) = -7*l + 3. Let s be d(-2). Suppose -s = 5*h - 27. Is b(h) a composite number?
False
Suppose 0 = 131*t - 130*t - 47933. Is t a composite number?
False
Let w = 22445 + 5648. Is w a composite number?
True
Let f(b) be the second derivative of -6*b - 43/2*b**3 + 0 + 9*b**2. Is f(-7) a prime number?
False
Suppose 9*w - 43585 = 64172. Suppose 38*i = 59125 + w. Is i prime?
True
Is 10209862/6 + (-28)/(-63)*-6 a prime number?
True
Let w(v) = 4*v**3 + v**2 + 2*v - 4. Let y be w(2). Let q = y - 30. Is (1/1)/(q/3462) composite?
False
Let s(f) = 12*f - 86. Let g be s(9). Let u(k) = 194*k + 109. Is u(g) composite?
True
Suppose -20 = 4*c - 40. Suppose -c*v = -17*v - 1944. Let p = -75 - v. Is p a composite number?
True
Is (-4)/38 - (1276942563/(-57))/39 prime?
True
Suppose 177*q - 39232 = 173*q + 3*p, -5*p = 2*q - 19642. Is q prime?
True
Let b = -193 - -104. Let a = b - -94. Suppose -2*r + 36407 = a*r. Is r composite?
True
Suppose 21320 = 14*f - 2256. Suppose -j + f = 267. Is j a prime number?
False
Suppose 3467 = 2*f + 453. Let l(b) = -3*b**3 - 4*b - 3. Let u be l(-1). Suppose -2*o - 1129 = -3*z, 4*z = u*o - 3*o + f. Is z composite?
True
Is (-1)/((-13243971)/945997 + 14) a composite number?
True
Let p(q) = 84*q + 258*q + 119 - 22 + 96*q. Is p(35) a composite number?
False
Let i(o) = 613*o + 8. Suppose t + 3*z - 14 = 2*t, 25 = 5*z. Let p be 2*1/1 + t. Is i(p) prime?
True
Suppose 27*i = 142008 + 724881. Is i composite?
True
Let w be 6*(-4)/(-18)*-57. Let x = 77 + w. Is (13/(-26))/(x*1/(-5042)) composite?
False
Let n = -56 + 58. Suppose y + 4 = -y, i - 3278 = n*y. Is 2*i/4 - 4 composite?
True
Let z(o) = 239*o**2 - 2*o - 4. Let x(b) = -b**3 + 8*b**2 + 8*b + 13. Let l be x(9). Let a be -2*l/16*6. Is z(a) prime?
True
Let z = 15862 - 7300. Let f = 2109 + z. Is f prime?
False
Let x = 299833 + -173390. Is x composite?
False
Let i be (18/15)/(2*15/800). Let u = -27 + i. Suppose b - 5*n = 639 + 204, 4331 = u*b + 4*n. Is b a composite number?
False
Let k = 11311 + 2168. Let b = k + -7246. Is b composite?
True
Let c(p) be the second derivative of -p**3/2 - 3*p**2/2 + 4*p. Let b be c(-2). Suppose -b*n = 3*n - 7086. Is n a prime number?
True
Let m = -2393 - -6186. Is m a composite number?
False
Is (61450500/(-1400) - (-2)/(-7))/((-1)/2) a composite number?
True
Let b(s) = 10195*s**2 + 199*s + 575. Is b(-3) a prime number?
True
Is 3/(72/414843) - 97/776 a prime number?
False
Suppose 5*n + 17*b - 64 = 14*b, 5*n - 78 = 4*b. Is n a prime number?
False
Let t be -1 + (2 - -1) + 1721. Let h(a) = -149*a - 152. Let r be h(-18). Let s = r - t. Is s a composite number?
True
Let c = 20 + -17. Let j(p) = 3 + 6*p**2 - 6*p + 157*p**3 - 4 - 161*p**c. Is j(-6) prime?
False
Suppose -12 = 4*l, -2*u - 8*l + 3*l - 25 = 0. Is u - 7/((-35)/35780) a composite number?
False
Let p(d) = 595*d**2 - d + 1. Suppose y - 18 = -5*o, 4*y = y - o + 12. Is p(y) a composite number?
True
Suppose -21 = -4*g + d, -2*g - d + 9 = -2*d. Let b(a) = 1406*a - 22. Let x be b(g). Suppose 0 = -12*q + 14*q - x. Is q a prime number?
False
Is ((-405)/(-648))/(2/17744) a prime number?
False
Suppose -90*n = -92*n - 1424. Let l = -191 - n. Is l a prime number?
True
Let r be (-3 + -7)/(-5) + 3/1. Suppose 3*f = r*h + 12493 + 4738, -4*f + h = -22986. Is f composite?
True
Suppose -7*p = -8*p - 5, -2*h - 4*p = -498942. Is h a composite number?
True
Suppose -441*d + 21867583 = -382*d. Is d a prime number?
False
Is (-4205230)/15*((-69)/6 + 6 - -4) a composite number?
True
Suppose p + 13 = 15. Suppose u - 10 = -t, 0*u - 25 = -p*u - 3*t. Suppose u*q = 2*w - 104, -w + 4*q - 140 = -3*w. Is w a composite number?
True
Suppose -635741 = -3*o - n, 5*o = 106*n - 103*n + 1059559. Is o prime?
False
Let p(n) be the third derivative of 1/120*n**6 + 0*n + 19/6*n**3 - 4/15*n**5 - 4*n**2 + 0 - 1/3*n**4. Is p(18) composite?
False
Let b(h) = -h**3 - 3*h**2 + 9*h + 7. Let x be b(-5). Is ((-172370)/(-88))/(3/x) prime?
False
Let w(y) = y**3 + 15*y**2 - 13. Let c(v) = -v**2 + 8*v - 10. Let f be c(6). Let u be 7/f*(-28)/14. Is w(u) a composite number?
False
Let b = -375582 - -565487. Suppose -117074 = -4*y - n + 34839, 5*y = -4*n + b. Is y composite?
True
Suppose -8162*h + 5159 = -8151*h. Let c(l) = -2*l**3 - 3*l**2 - 5*l - 6. Let q be c(7). Let g = h - q. Is g a prime number?
False
Let h(u) be the third derivative of 2491*u**4/24 + u**3/2 + 94*u**2. Is h(4) a prime number?
True
Let p be (-232120)/30*(-1 - 3 - -10). Let o = -30823 - p. Is o a prime number?
True
Suppose -3*h - 2 = -3*p + 40, 3*h = -p - 2. Is ((-1)/(-3))/(p/72570) composite?
True
Let b = -557173 - -806144. Is b a prime number?
True
Let h(a) = 285*a + 49. Let l(k) = 889*k + 147. Let f(z) = -297*z - 49. Let c(n) = -17*f(n) - 6*l(n). Let i(d) = 4*c(d) + 5*h(d). Is i(6) a composite number?
False
Is 14/(-133) + (-46926582)/(-1102) composite?
True
Let q = 42 - 34. Suppose 0 = -q*w + 6*w - 4. Is (-90342)/(-35) - w/(-10) a composite number?
True
Suppose 4*r - 21 = -5*u, -5*r - 2*u = -7*r - 12. Is (8 - r) + 3047 + 30 a composite number?
True
Let q(f) = 2*f**3 + 5*f - 3. Suppose 0 = -14*k + 8*k + 24. Let o be q(k). Let y = o - -562. Is y a prime number?
False
Let z = 54 + -48. Let y be (146014/(-55))/(z/(-15)). Let m = -4304 + y. Is m a composite number?
False
Suppose -915 = -m + 169. Let j = m + -767. Is j a prime number?
True
Suppose -b + 3*o + 541 = 0, 0 = 4*b - o - 1827 - 348. Suppose 5*l - 2*a + 680 = 0, -b = -4*l + 8*l + 3*a. Let c = 549 + l. Is c prime?
False
Let s(p) = p**2 + 20*p - 41. Let c be s(2). Suppose 592 - 18535 = -c*j. Is j prime?
True
Suppose 12*q - 59928 = -0*q. Suppose -y = -x - 2506, -y = y + 4*x - q. Is y prime?
True
Is 2 - 12 - -2 - (-608615)/28*4 composite?
True
Is ((-116528)/(-12))/((-3*(-24)/(-108))/(-1)) a composite number?
True
Let p(h) = -4651*h + 2642. Is p(-11) a prime number?
False
Let a(m) = 13957*m**3 + 98*m**2 - 377*m + 9. Is a(4) composite?
False
Let g = -75 + 75. Suppose g = -3*n + n - 336. Is (-44136)/n + (-4)/(-14) a composite number?
False
Is (4 - -3144) + (-308)/28 composite?
False
Let i be (-12)/72*-18*472/6. Let q = i - -3117. Is q a prime number?
False
Suppose -2*c + 4*c = 2*d - 1204, -4*c - 3*d = 2408. Let g = 131 - c. Is g a composite number?
False
Suppose 161733 = 96*d - 1340955. Is d a prime number?
False
Suppose 7*o 